 -x - 15. Let y be q(-27). Let m(d) = 2*d**2 - 3*d - 2. Let u be m(4). Calculate the greatest common divisor of u and y.
6
Let g be ((-7)/((-35)/(-78)))/((-3)/10). Let n = g + -43. Calculate the highest common factor of n and 117.
9
Let j be 10098/72 - (-3)/(-12). Calculate the highest common divisor of j and 28.
28
Suppose f - 80 = -4*f. Let q(t) = 5*t**2 - 85*t - 14. Let o be q(19). Calculate the highest common divisor of f and o.
16
Let z be (-159 + 3)/(-4) - -1. Let l be 177/3 + (-1 - -2). Suppose -3*x = 3*x - l. Calculate the greatest common factor of z and x.
10
Let s = -618 + 628. Let c(m) = m**3 - 3*m**2 + 2*m - 4. Let b be c(4). Calculate the highest common factor of b and s.
10
Suppose 18 = 5*y - 7. Let p(a) = 4*a**2 - 26*a - 14. Let v be p(11). Let c = y + v. What is the greatest common factor of 21 and c?
21
Let w = 47 + -25. Suppose -3*x + x = -16. Suppose 4*q - x*q = -132. Calculate the highest common factor of w and q.
11
Let f be (-1149)/(-11) + (-48)/(-88). What is the greatest common divisor of 168 and f?
21
Suppose 1490 + 2990 = 4*y. Calculate the highest common divisor of 40 and y.
40
Let w = 377 + -139. Calculate the highest common factor of 14 and w.
14
Suppose -72 = 4*b - 6*b - 5*r, 180 = 5*b + 2*r. Calculate the greatest common factor of 324 and b.
36
Let f = 24 + -12. Suppose 31 = 3*v - 2*z - 2, 0 = -4*v - 3*z + 61. Suppose 0 = 4*k - v + 5. Calculate the highest common divisor of k and f.
2
Let y(i) = -i**3 - 6*i**2 + 21*i - 9. Let a be y(-9). What is the highest common divisor of 15 and a?
15
Let c(p) = -p**3 - p + 2. Let n be c(0). Suppose -7*d + 294 = -224. Let s = d + -72. What is the highest common factor of n and s?
2
Let j(l) = -76*l + 566. Let g be j(7). Calculate the greatest common divisor of g and 986.
34
Suppose t + 4*y = -2*t - 9, 0 = 5*t - 3*y - 14. Let i be (-11 - -6)*-2*(-1)/(-2). What is the highest common factor of t and i?
1
Suppose 0 = -7*n + 12*n - 75. What is the highest common divisor of 1410 and n?
15
Let c be ((-4)/(-8))/((-3)/(-66)). Suppose -16*f + c*f + 270 = 0. What is the highest common factor of f and 6?
6
Suppose 3 = 3*d - 6. Suppose 0 = -10*f + 9*f + d. Suppose 2*t = -4*b - 0*b + 22, f*b - 39 = -4*t. What is the highest common factor of t and 18?
9
Let x(d) = 2*d**2 + 4*d - 1. Let g be x(-3). Suppose 4*j + g*o = 117, -j - 3*j = 4*o - 120. Let r = j + -25. Calculate the highest common divisor of r and 40.
8
Let a be -2*7*165/(-6). Calculate the highest common factor of 28 and a.
7
Suppose 0 = 43*r - 42*r + 18. Let v be (2/4)/((-3)/r). What is the greatest common divisor of v and 4?
1
Let w be (205 - 1) + -95 + 87. What is the highest common factor of 70 and w?
14
Let k be (56/(-6))/(4/(-42)). Suppose 4*o + 200 = -3*h, -4*o + 2*h = 4*h + 204. Let f = o + k. Calculate the greatest common factor of 15 and f.
15
Suppose 4*l - 107 = -411. Let u be 4/28 + l/(-7). Calculate the greatest common factor of u and 22.
11
Suppose 3*d + i - 44 = 0, -i - 17 = -5*d + 51. Let v = 18 - d. What is the highest common factor of v and 32?
4
Suppose 0 = -4*i - 25 + 5. Let g = 16 - i. Suppose -18*w + 266 = w. What is the greatest common factor of w and g?
7
Let p(k) = -k**3 - 7*k**2 - 7*k + 16. Let w be p(-7). Suppose 14*i + w = 19*i. Calculate the highest common factor of 26 and i.
13
Let i be -4 - (9 + (-38 - 2)). What is the highest common factor of 3 and i?
3
Suppose 9*p = -2*j + 10*p + 44, 4*j + 4*p = 88. What is the highest common divisor of 198 and j?
22
Let s(n) = n**3 + 5*n**2 - 6. Let p be (-1)/((-5)/3 - -2). Let m be s(p). Calculate the highest common factor of m and 60.
12
Let f be (-7 - -169) + 12/(-3). What is the highest common divisor of 2 and f?
2
Let a be 1847 - (-84)/(-2 - 10). What is the highest common factor of a and 16?
16
Let w = 20 + -15. Suppose w*i + 477 = 3*t + 52, -t = i - 131. Let r = t + -85. Calculate the greatest common divisor of r and 20.
10
Let u be (-2 - 39/(-9))*-3. Let r = 0 - u. Let n be 34 - (-10 + 2/1). What is the greatest common factor of n and r?
7
Suppose 5*f + 112 = 5*i - 118, 2*f + 5*i = -92. Suppose y + y = 5*a - 67, -5*y + 2*a = 136. Let m = y - f. What is the highest common factor of 20 and m?
20
Let n be -4*(2 + 20/(-8)). Suppose -n*x + 484 - 4 = 0. Suppose -2*p + 30 = -p. What is the highest common factor of p and x?
30
Let a(u) be the second derivative of 53*u**3/6 + u**2/2 + 8*u. Let h be a(1). Let x be h/(-4)*(-110)/11. Calculate the highest common divisor of 15 and x.
15
Let u = -1 - -3. Suppose 5*x = 25, -2*m - u*x + 67 = 3*x. Let l = 1 - -13. What is the greatest common factor of m and l?
7
Suppose 4*n = -i - i + 2, 27 = 3*i - 2*n. Let o = i + -1. What is the highest common divisor of 96 and o?
6
Let y = 80 + -31. Let f = 52 - 50. Suppose -4*j + 1 + 3 = 0, 4*j = f*w - 10. What is the highest common divisor of y and w?
7
Let m be 0 - 43*(-6 + -5). What is the greatest common factor of m and 11?
11
Suppose -7*r = -0*r - 8*r. Suppose 0 = -4*a + 5*z + 144, r = 3*a + 3*z + 3 - 111. Let u = -14 + 68. What is the greatest common factor of u and a?
18
Let c = -113 - -199. What is the highest common factor of 430 and c?
86
Let j(d) = -d**3 - 11*d**2 + d + 11. Let n be j(-11). Suppose m + 2*u - 213 = n, m + 4*u - 6*u - 205 = 0. What is the highest common divisor of 19 and m?
19
Let v = 2 + 1. Let o be (2/8)/(18/72). Calculate the greatest common divisor of o and v.
1
Let h be (-7165)/(-19) + (-120)/1140. What is the highest common factor of 29 and h?
29
Let c be (267/178)/((-101)/(-50) - 2). Calculate the greatest common divisor of 240 and c.
15
Let x = 20 + 19. Suppose 2*h + 6 = -h, -3*h = a - x. What is the greatest common divisor of 9 and a?
9
Suppose -4*l - 5*o + 13 = 0, 25*l - 21*l = -2*o + 10. Calculate the greatest common divisor of 10 and l.
2
Let w(y) = 3*y + 7. Let j be w(7). Let m be (-217)/(-14)*j/2. Suppose 391 + m = 4*v. What is the highest common divisor of 19 and v?
19
Let w(x) = 5*x**2 + 57*x + 44. Let m be w(-12). What is the greatest common factor of m and 250?
10
Let l = 7 + -2. Suppose 3*v - 3*w + 7*w - 55 = 0, 5*v = -l*w + 100. What is the highest common divisor of v and 25?
25
Suppose 17 + 1 = 2*o. Let c(m) = -2*m - 3. Let n be c(-3). Suppose 4*d = n*d + 99. What is the greatest common divisor of d and o?
9
Suppose -3*t = 4*r - 146, -5*t - 2*r + 5*r + 282 = 0. What is the highest common factor of 144 and t?
18
Let o = -156 + 176. Let y be (23 + -2 + 4)*2. Calculate the highest common divisor of o and y.
10
Let b = 13 + 3. Let g be 2/b + 670/16. Let y be (8/10)/(4/70). Calculate the highest common factor of y and g.
14
Suppose -2*j - 20 = 3*j + y, -4*y = 5*j + 5. Let a be 0 + 0 + 2 + j. Let n be (64 - 10)*a/(-2). Calculate the highest common factor of n and 9.
9
Let p be (-24)/(-40) + 77/5 + -2. Calculate the highest common divisor of p and 14.
14
Let k be 336/12 + 4 - -10. Calculate the greatest common factor of 105 and k.
21
Let f be 4/22 - 592/(-11). Calculate the highest common factor of 18 and f.
18
Let s = 206 - 185. Calculate the highest common factor of 70 and s.
7
Let y = 109 - 46. What is the greatest common divisor of 7 and y?
7
Suppose -18*q = -2280 - 996. Let x be 10/(-55) + 288/11. What is the highest common factor of x and q?
26
Let j = 201 + -25. Let f(i) = 7*i - 201. Let h be f(31). Calculate the greatest common divisor of j and h.
16
Let f be (-1408)/(-143) + (-4)/(-26). Let z = f + -8. Suppose -2*t = 2*v - 344, v - 4 = -z. Calculate the greatest common divisor of 68 and t.
34
Let z be (-58)/(-10) + (-16)/40*2. Let v be (z - (1 - 5))*(0 - -1). Suppose -5*q - 25 = 0, 6 + 33 = 3*h + 3*q. What is the greatest common factor of h and v?
9
Let n = 0 - -5. Suppose -8 = n*u - 33. Calculate the highest common divisor of 55 and u.
5
Suppose -4*i - 3 + 963 = 0. What is the greatest common divisor of 15 and i?
15
Let i be 1 + (35 - (5 + -4)). Calculate the highest common divisor of 63 and i.
7
Let d(l) = l**2 - 4*l - 2. Let t be d(-3). Let c = 23 - t. Suppose -5*r + 3*x + 35 = -2*x, -2 = r - c*x. What is the greatest common divisor of r and 40?
10
Suppose -2*o + 12 = -2*k, k + o + 2 = 4. Let r(s) = 3*s. Let n be r(k). Let g be 12/(-7)*63/n. What is the highest common divisor of g and 9?
9
Let t(x) = 2*x - 11. Let s be t(6). Let c 